{"id":20,"date":"2021-01-15T09:23:41","date_gmt":"2021-01-15T08:23:41","guid":{"rendered":"http:\/\/www4.ekf.tuke.sk\/nicediplom\/?page_id=20"},"modified":"2023-11-20T15:09:01","modified_gmt":"2023-11-20T14:09:01","slug":"uzitocne-linky","status":"publish","type":"page","link":"https:\/\/nicediplom.ekf.tuke.sk\/index.php\/uzitocne-linky\/","title":{"rendered":"U\u017eito\u010dn\u00e9 linky"},"content":{"rendered":"\n<p>Ekonomick\u00e1 fakulta TUKE : <a href=\"http:\/\/ekf.tuke.sk\" target=\"_blank\" rel=\"noreferrer noopener\">ekf.tuke.sk<\/a><\/p>\n\n\n\n<p>Universit\u00e9 C\u00f4te d\u2019Azur:  <a href=\"https:\/\/univ-cotedazur.fr\/\" target=\"_blank\" rel=\"noreferrer noopener\" aria-label=\" (otvor\u00ed sa v novej karte)\"> https:\/\/univ-cotedazur.fr<\/a><\/p>\n\n\n\n<p>Franc\u00fazska ambas\u00e1da na Slovensku: <a href=\"http:\/\/ambafrance-sk.org\" target=\"_blank\" rel=\"noreferrer noopener\">http:\/\/ambafrance-sk.org<\/a><\/p>\n\n\n\n<p>Franc\u00fazska aliancia v Ko\u0161iciach: <a href=\"http:\/\/www.afke.sk\" target=\"_blank\" rel=\"noreferrer noopener\">http:\/\/www.afke.sk<\/a><\/p>\n\n\n\n<p>L\u2019Agence de Promotion du Fran\u00e7ais Langue \u00c9trang\u00e8re: <a href=\"https:\/\/www.fle.fr\/\" target=\"_blank\" rel=\"noreferrer noopener\" aria-label=\"\ufffc (otvor\u00ed sa v novej karte)\"><img loading=\"lazy\" decoding=\"async\" width=\"150\" height=\"44\" class=\"wp-image-67\" style=\"width: 150px;\" src=\"http:\/\/www4.ekf.tuke.sk\/nicediplom\/wp-content\/uploads\/2021\/01\/FLE-logo_2011.png\" alt=\"\" srcset=\"https:\/\/nicediplom.ekf.tuke.sk\/wp-content\/uploads\/2021\/01\/FLE-logo_2011.png 405w, https:\/\/nicediplom.ekf.tuke.sk\/wp-content\/uploads\/2021\/01\/FLE-logo_2011-300x88.png 300w\" sizes=\"auto, (max-width: 150px) 100vw, 150px\" \/><\/a><\/p>\n","protected":false},"excerpt":{"rendered":"<p>Ekonomick\u00e1 fakulta TUKE : ekf.tuke.sk Universit\u00e9 C\u00f4te d\u2019Azur: https:\/\/univ-cotedazur.fr Franc\u00fazska ambas\u00e1da na Slovensku: http:\/\/ambafrance-sk.org Franc\u00fazska aliancia v Ko\u0161iciach: http:\/\/www.afke.sk L\u2019Agence de Promotion du Fran\u00e7ais Langue&hellip;<\/p>\n","protected":false},"author":1,"featured_media":0,"parent":0,"menu_order":0,"comment_status":"closed","ping_status":"closed","template":"","meta":{"footnotes":""},"class_list":["post-20","page","type-page","status-publish","hentry","no-post-thumbnail"],"_links":{"self":[{"href":"https:\/\/nicediplom.ekf.tuke.sk\/index.php\/wp-json\/wp\/v2\/pages\/20","targetHints":{"allow":["GET"]}}],"collection":[{"href":"https:\/\/nicediplom.ekf.tuke.sk\/index.php\/wp-json\/wp\/v2\/pages"}],"about":[{"href":"https:\/\/nicediplom.ekf.tuke.sk\/index.php\/wp-json\/wp\/v2\/types\/page"}],"author":[{"embeddable":true,"href":"https:\/\/nicediplom.ekf.tuke.sk\/index.php\/wp-json\/wp\/v2\/users\/1"}],"replies":[{"embeddable":true,"href":"https:\/\/nicediplom.ekf.tuke.sk\/index.php\/wp-json\/wp\/v2\/comments?post=20"}],"version-history":[{"count":8,"href":"https:\/\/nicediplom.ekf.tuke.sk\/index.php\/wp-json\/wp\/v2\/pages\/20\/revisions"}],"predecessor-version":[{"id":357,"href":"https:\/\/nicediplom.ekf.tuke.sk\/index.php\/wp-json\/wp\/v2\/pages\/20\/revisions\/357"}],"wp:attachment":[{"href":"https:\/\/nicediplom.ekf.tuke.sk\/index.php\/wp-json\/wp\/v2\/media?parent=20"}],"curies":[{"name":"wp","href":"https:\/\/api.w.org\/{rel}","templated":true}]}}