{"id":8,"date":"2021-01-15T09:20:10","date_gmt":"2021-01-15T08:20:10","guid":{"rendered":"http:\/\/www4.ekf.tuke.sk\/nicediplom\/?page_id=8"},"modified":"2021-01-15T09:52:31","modified_gmt":"2021-01-15T08:52:31","slug":"ako-sa-prihlasit","status":"publish","type":"page","link":"https:\/\/nicediplom.ekf.tuke.sk\/index.php\/ako-sa-prihlasit\/","title":{"rendered":"Ako sa prihl\u00e1si\u0165"},"content":{"rendered":"\n<p>Prihl\u00e1si\u0165 sa m\u00f4\u017eete zaslan\u00edm mailu na niektor\u00fa z nasleduj\u00facich adries:<\/p>\n\n\n\n<p><a href=\"mailto:ludmila.bartokova@tuke.sk\">ludmila.bartokova@tuke.sk<\/a><\/p>\n\n\n\n<p><a href=\"mailto:julia.durcova@tuke.sk\">julia.durcova@tuke.sk<\/a><\/p>\n\n\n\n<p>alebo osobne na:<\/p>\n\n\n\n<p>Ekonomickej fakulte TUKE<br>Nemcovej 32<br>040 01 Ko\u0161ice<br>\u010d. dver\u00ed: 419 (4. posch.) <\/p>\n","protected":false},"excerpt":{"rendered":"<p>Prihl\u00e1si\u0165 sa m\u00f4\u017eete zaslan\u00edm mailu na niektor\u00fa z nasleduj\u00facich adries: ludmila.bartokova@tuke.sk julia.durcova@tuke.sk alebo osobne na: Ekonomickej fakulte TUKENemcovej 32040 01 Ko\u0161ice\u010d. dver\u00ed: 419 (4. posch.)<\/p>\n","protected":false},"author":1,"featured_media":0,"parent":0,"menu_order":0,"comment_status":"closed","ping_status":"closed","template":"","meta":{"footnotes":""},"class_list":["post-8","page","type-page","status-publish","hentry","no-post-thumbnail"],"_links":{"self":[{"href":"https:\/\/nicediplom.ekf.tuke.sk\/index.php\/wp-json\/wp\/v2\/pages\/8","targetHints":{"allow":["GET"]}}],"collection":[{"href":"https:\/\/nicediplom.ekf.tuke.sk\/index.php\/wp-json\/wp\/v2\/pages"}],"about":[{"href":"https:\/\/nicediplom.ekf.tuke.sk\/index.php\/wp-json\/wp\/v2\/types\/page"}],"author":[{"embeddable":true,"href":"https:\/\/nicediplom.ekf.tuke.sk\/index.php\/wp-json\/wp\/v2\/users\/1"}],"replies":[{"embeddable":true,"href":"https:\/\/nicediplom.ekf.tuke.sk\/index.php\/wp-json\/wp\/v2\/comments?post=8"}],"version-history":[{"count":4,"href":"https:\/\/nicediplom.ekf.tuke.sk\/index.php\/wp-json\/wp\/v2\/pages\/8\/revisions"}],"predecessor-version":[{"id":60,"href":"https:\/\/nicediplom.ekf.tuke.sk\/index.php\/wp-json\/wp\/v2\/pages\/8\/revisions\/60"}],"wp:attachment":[{"href":"https:\/\/nicediplom.ekf.tuke.sk\/index.php\/wp-json\/wp\/v2\/media?parent=8"}],"curies":[{"name":"wp","href":"https:\/\/api.w.org\/{rel}","templated":true}]}}